{"id":8133,"date":"2025-07-21T15:28:57","date_gmt":"2025-07-21T15:28:57","guid":{"rendered":"https:\/\/orthopedicsbooks.com\/?post_type=product&#038;p=8133"},"modified":"2026-02-21T12:44:58","modified_gmt":"2026-02-21T12:44:58","slug":"traumatologia-y-ortopedia-para-el-grado-en-medicina-spanish-edition","status":"publish","type":"product","link":"https:\/\/orthopedicsbooks.com\/?product=traumatologia-y-ortopedia-para-el-grado-en-medicina-spanish-edition","title":{"rendered":"Traumatolog\u00eda y ortopedia para el grado en Medicina (Spanish Edition)"},"content":{"rendered":"<div>\n<div>\n<ul>\n<li>\n<ul>\n<li>Ofrece una visi\u00f3n integral, profunda y estructurada de la asignatura de Traumatolog\u00eda y Cirug\u00eda Ortop\u00e9dica, unificando conceptos de las distintas fuentes disponibles para facilitar el aprendizaje.<\/li>\n<li>En esta nueva edici\u00f3n, se ha llevado a cabo la actualizaci\u00f3n de todo el contenido para incluir las novedades de la materia. Como en la primera edici\u00f3n, los autores son docentes de prestigio de esta especialidad.<\/li>\n<li>Para facilitar el estudio, cada cap\u00edtulo comienza con un \u00edndice y los objetivos de aprendizaje, y se cierra con las conclusiones, lecturas recomendadas y preguntas de autoevaluaci\u00f3n, para afianzar y repasar el contenido.<\/li>\n<li>Adem\u00e1s de las autoevaluaciones, los recursos electr\u00f3nicos de la obra incluyen un diccionario terminol\u00f3gico de cirug\u00eda ortop\u00e9dica y traumatolog\u00eda, las im\u00e1genes del libro e im\u00e1genes adicionales. Como novedad, se han a\u00f1adido casos cl\u00ednicos.<\/li>\n<\/ul>\n<\/li>\n<\/ul>\n<\/div>\n<\/div>\n","protected":false},"excerpt":{"rendered":"<p>Ofrece una visi\u00f3n integral, profunda y estructurada de la asignatura de Traumatolog\u00eda y Cirug\u00eda Ortop\u00e9dica, unificando conceptos de las distintas fuentes disponibles para facilitar el aprendizaje. En esta nueva edici\u00f3n, se ha llevado a cabo la actualizaci\u00f3n de todo el contenido para incluir las novedades de la materia. Como en la primera edici\u00f3n, los autores [&hellip;]<\/p>\n","protected":false},"featured_media":8132,"comment_status":"open","ping_status":"closed","template":"","meta":[],"product_brand":[],"product_cat":[67],"product_tag":[],"class_list":{"0":"post-8133","1":"product","2":"type-product","3":"status-publish","4":"has-post-thumbnail","6":"product_cat-ortopedia-spanish","8":"first","9":"instock","10":"sale","11":"downloadable","12":"virtual","13":"purchasable","14":"product-type-simple"},"_links":{"self":[{"href":"https:\/\/orthopedicsbooks.com\/index.php?rest_route=\/wp\/v2\/product\/8133","targetHints":{"allow":["GET"]}}],"collection":[{"href":"https:\/\/orthopedicsbooks.com\/index.php?rest_route=\/wp\/v2\/product"}],"about":[{"href":"https:\/\/orthopedicsbooks.com\/index.php?rest_route=\/wp\/v2\/types\/product"}],"replies":[{"embeddable":true,"href":"https:\/\/orthopedicsbooks.com\/index.php?rest_route=%2Fwp%2Fv2%2Fcomments&post=8133"}],"wp:featuredmedia":[{"embeddable":true,"href":"https:\/\/orthopedicsbooks.com\/index.php?rest_route=\/wp\/v2\/media\/8132"}],"wp:attachment":[{"href":"https:\/\/orthopedicsbooks.com\/index.php?rest_route=%2Fwp%2Fv2%2Fmedia&parent=8133"}],"wp:term":[{"taxonomy":"product_brand","embeddable":true,"href":"https:\/\/orthopedicsbooks.com\/index.php?rest_route=%2Fwp%2Fv2%2Fproduct_brand&post=8133"},{"taxonomy":"product_cat","embeddable":true,"href":"https:\/\/orthopedicsbooks.com\/index.php?rest_route=%2Fwp%2Fv2%2Fproduct_cat&post=8133"},{"taxonomy":"product_tag","embeddable":true,"href":"https:\/\/orthopedicsbooks.com\/index.php?rest_route=%2Fwp%2Fv2%2Fproduct_tag&post=8133"}],"curies":[{"name":"wp","href":"https:\/\/api.w.org\/{rel}","templated":true}]}}