{"id":8153,"date":"2025-07-21T15:28:57","date_gmt":"2025-07-21T15:28:57","guid":{"rendered":"https:\/\/orthopedicsbooks.com\/?post_type=product&#038;p=8153"},"modified":"2026-02-21T12:44:59","modified_gmt":"2026-02-21T12:44:59","slug":"electrolisis-percutanea-musculoesqueletica-spanish-edition","status":"publish","type":"product","link":"https:\/\/orthopedicsbooks.com\/?product=electrolisis-percutanea-musculoesqueletica-spanish-edition","title":{"rendered":"Electrolisis percut\u00e1nea musculoesquel\u00e9tica (Spanish Edition)"},"content":{"rendered":"<div>\n<ul>\n<li>Excelente gu\u00eda pr\u00e1ctica con una metodolog\u00eda original que integra los est\u00edmulos biol\u00f3gicos (electrolisis) y mec\u00e1nico (carga a trav\u00e9s del ejercicio) a partir de un modelo cl\u00ednico de tendinopat\u00eda definido por los autores.<\/li>\n<li>Estructurada en tres partes, la primera expone cuestiones generales; la segunda aborda las lesiones de tendones y bursas m\u00e1s habituales mediante una descripci\u00f3n detallada y siguiendo el Modelo APT -\u00c1reas anat\u00f3micas cl\u00ednicamente relevantes, Patrones ecogr\u00e1ficos de afectaci\u00f3n m\u00e1s frecuente y T\u00e9cnica de aplicaci\u00f3n de forma ecoguiada-, y la tercera se centra en el ejercicio terap\u00e9utico como punto final del proceso de recuperaci\u00f3n funcional.<\/li>\n<li>Enriquecida con la inclusi\u00f3n de protocolos cl\u00ednicos de actuaci\u00f3n y algoritmos para facilitar la toma de decisiones a partir de un razonamiento cl\u00ednico.<\/li>\n<li>Organizaci\u00f3n l\u00f3gica del contenido, redacci\u00f3n clara que facilita la lectura, e inclusi\u00f3n de textos destacados con ideas clave y mensajes de resumen que contribuyen a consolidar el aprendizaje.<\/li>\n<li>Profusamente ilustrada con m\u00e1s de 200 im\u00e1genes en color que clarifican los conceptos expuestos en el texto.<\/li>\n<\/ul>\n<\/div>\n","protected":false},"excerpt":{"rendered":"<p>Excelente gu\u00eda pr\u00e1ctica con una metodolog\u00eda original que integra los est\u00edmulos biol\u00f3gicos (electrolisis) y mec\u00e1nico (carga a trav\u00e9s del ejercicio) a partir de un modelo cl\u00ednico de tendinopat\u00eda definido por los autores. Estructurada en tres partes, la primera expone cuestiones generales; la segunda aborda las lesiones de tendones y bursas m\u00e1s habituales mediante una descripci\u00f3n [&hellip;]<\/p>\n","protected":false},"featured_media":8152,"comment_status":"open","ping_status":"closed","template":"","meta":[],"product_brand":[],"product_cat":[67],"product_tag":[],"class_list":{"0":"post-8153","1":"product","2":"type-product","3":"status-publish","4":"has-post-thumbnail","6":"product_cat-ortopedia-spanish","8":"first","9":"instock","10":"sale","11":"downloadable","12":"virtual","13":"purchasable","14":"product-type-simple"},"_links":{"self":[{"href":"https:\/\/orthopedicsbooks.com\/index.php?rest_route=\/wp\/v2\/product\/8153","targetHints":{"allow":["GET"]}}],"collection":[{"href":"https:\/\/orthopedicsbooks.com\/index.php?rest_route=\/wp\/v2\/product"}],"about":[{"href":"https:\/\/orthopedicsbooks.com\/index.php?rest_route=\/wp\/v2\/types\/product"}],"replies":[{"embeddable":true,"href":"https:\/\/orthopedicsbooks.com\/index.php?rest_route=%2Fwp%2Fv2%2Fcomments&post=8153"}],"wp:featuredmedia":[{"embeddable":true,"href":"https:\/\/orthopedicsbooks.com\/index.php?rest_route=\/wp\/v2\/media\/8152"}],"wp:attachment":[{"href":"https:\/\/orthopedicsbooks.com\/index.php?rest_route=%2Fwp%2Fv2%2Fmedia&parent=8153"}],"wp:term":[{"taxonomy":"product_brand","embeddable":true,"href":"https:\/\/orthopedicsbooks.com\/index.php?rest_route=%2Fwp%2Fv2%2Fproduct_brand&post=8153"},{"taxonomy":"product_cat","embeddable":true,"href":"https:\/\/orthopedicsbooks.com\/index.php?rest_route=%2Fwp%2Fv2%2Fproduct_cat&post=8153"},{"taxonomy":"product_tag","embeddable":true,"href":"https:\/\/orthopedicsbooks.com\/index.php?rest_route=%2Fwp%2Fv2%2Fproduct_tag&post=8153"}],"curies":[{"name":"wp","href":"https:\/\/api.w.org\/{rel}","templated":true}]}}