{"id":8155,"date":"2025-07-21T15:28:57","date_gmt":"2025-07-21T15:28:57","guid":{"rendered":"https:\/\/orthopedicsbooks.com\/?post_type=product&#038;p=8155"},"modified":"2026-03-02T14:07:23","modified_gmt":"2026-03-02T14:07:23","slug":"cirugia-de-la-cadera-spanish-edition","status":"publish","type":"product","link":"https:\/\/orthopedicsbooks.com\/?product=cirugia-de-la-cadera-spanish-edition","title":{"rendered":"Cirug\u00eda de la cadera (Spanish Edition)"},"content":{"rendered":"<div>\n<div>\n<ul>\n<li>Expone nuevos temas, como el abordaje anterior directo para la artroplastia total de cadera, el dolor de cadera en adultos j\u00f3venes y la cirug\u00eda de preservaci\u00f3n de la cadera.<\/li>\n<li>Contiene nueva informaci\u00f3n sobre los abordajes quir\u00fargicos de la cadera, la selecci\u00f3n de las superficies de fricci\u00f3n para la artroplastia, el tratamiento de las complicaciones asociadas con las superficies de fricci\u00f3n metal-metal, el tratamiento de la p\u00e9rdida de hueso asociada con la artroplastia total de cadera de revisi\u00f3n y mucho m\u00e1s.<\/li>\n<li>Ayuda a la utilizaci\u00f3n \u00f3ptima de las t\u00e9cnicas de imagen, los procedimientos quir\u00fargicos, los equipos y los implantes m\u00e1s recientes.<\/li>\n<li>Abarca los diagn\u00f3sticos de problemas del desarrollo y degenerativos de la cadera, la anatom\u00eda y los abordajes quir\u00fargicos de la articulaci\u00f3n, el tratamiento perioperatorio de los pacientes de cirug\u00eda de cadera, la artroplastia de cadera primaria y de revisi\u00f3n, el tratamiento de las complicaciones, los traumatismos y los tumores de cadera, as\u00ed como los aspectos de la rehabilitaci\u00f3n; todo ello desde una perspectiva tanto cient\u00edfica como cl\u00ednica.<\/li>\n<\/ul>\n<\/div>\n<\/div>\n","protected":false},"excerpt":{"rendered":"<p>Expone nuevos temas, como el abordaje anterior directo para la artroplastia total de cadera, el dolor de cadera en adultos j\u00f3venes y la cirug\u00eda de preservaci\u00f3n de la cadera. Contiene nueva informaci\u00f3n sobre los abordajes quir\u00fargicos de la cadera, la selecci\u00f3n de las superficies de fricci\u00f3n para la artroplastia, el tratamiento de las complicaciones asociadas [&hellip;]<\/p>\n","protected":false},"featured_media":8154,"comment_status":"open","ping_status":"closed","template":"","meta":[],"product_brand":[],"product_cat":[67],"product_tag":[],"class_list":{"0":"post-8155","1":"product","2":"type-product","3":"status-publish","4":"has-post-thumbnail","6":"product_cat-ortopedia-spanish","8":"first","9":"instock","10":"sale","11":"downloadable","12":"virtual","13":"purchasable","14":"product-type-simple"},"_links":{"self":[{"href":"https:\/\/orthopedicsbooks.com\/index.php?rest_route=\/wp\/v2\/product\/8155","targetHints":{"allow":["GET"]}}],"collection":[{"href":"https:\/\/orthopedicsbooks.com\/index.php?rest_route=\/wp\/v2\/product"}],"about":[{"href":"https:\/\/orthopedicsbooks.com\/index.php?rest_route=\/wp\/v2\/types\/product"}],"replies":[{"embeddable":true,"href":"https:\/\/orthopedicsbooks.com\/index.php?rest_route=%2Fwp%2Fv2%2Fcomments&post=8155"}],"wp:featuredmedia":[{"embeddable":true,"href":"https:\/\/orthopedicsbooks.com\/index.php?rest_route=\/wp\/v2\/media\/8154"}],"wp:attachment":[{"href":"https:\/\/orthopedicsbooks.com\/index.php?rest_route=%2Fwp%2Fv2%2Fmedia&parent=8155"}],"wp:term":[{"taxonomy":"product_brand","embeddable":true,"href":"https:\/\/orthopedicsbooks.com\/index.php?rest_route=%2Fwp%2Fv2%2Fproduct_brand&post=8155"},{"taxonomy":"product_cat","embeddable":true,"href":"https:\/\/orthopedicsbooks.com\/index.php?rest_route=%2Fwp%2Fv2%2Fproduct_cat&post=8155"},{"taxonomy":"product_tag","embeddable":true,"href":"https:\/\/orthopedicsbooks.com\/index.php?rest_route=%2Fwp%2Fv2%2Fproduct_tag&post=8155"}],"curies":[{"name":"wp","href":"https:\/\/api.w.org\/{rel}","templated":true}]}}