{"id":8161,"date":"2025-07-21T15:28:57","date_gmt":"2025-07-21T15:28:57","guid":{"rendered":"https:\/\/orthopedicsbooks.com\/?post_type=product&#038;p=8161"},"modified":"2026-02-21T12:45:00","modified_gmt":"2026-02-21T12:45:00","slug":"netter-exploracion-clinica-en-ortopedia-4-a-edicion-un-enfoque-basado-en-la-evidencia","status":"publish","type":"product","link":"https:\/\/orthopedicsbooks.com\/?product=netter-exploracion-clinica-en-ortopedia-4-a-edicion-un-enfoque-basado-en-la-evidencia","title":{"rendered":"Netter. Exploraci\u00f3n cl\u00ednica en ortopedia, 4.\u00aa Edici\u00f3n: Un enfoque basado en la evidencia"},"content":{"rendered":"<div>\n<div>\n<ul>\n<li>Esta pr\u00e1ctica gu\u00eda cubre los aspectos relevantes de la anatom\u00eda, la patolog\u00eda anat\u00f3mica y las pruebas es\u00adpec\u00edficas, a trav\u00e9s de una revisi\u00f3n minuciosa y altamente ilustrada de la ex\u00adploraci\u00f3n musculoesquel\u00e9tica,<\/li>\n<li>Esta cuarta proporciona la informaci\u00f3n necesaria para evaluar la fiabilidad y la utilidad diagn\u00f3stica de las exploraciones f\u00edsicas musculoesquel\u00e9ticas e incorporar la evidencia a la toma de decisiones cl\u00ednicas..<\/li>\n<li>Proporciona pr\u00e1cticos res\u00famenes actualizados de la evidencia disponible para poder evaluar con rapidez la eficacia de las pruebas cl\u00edni\u00adcas, revisar estudios recientes y determinar qu\u00e9 prueba predecir\u00e1 mejor un diagn\u00f3stico espec\u00edfico.<\/li>\n<li>Facilita la comprensi\u00f3n de la anatom\u00eda y la patolog\u00eda de cada articulaci\u00f3n gracias a las cl\u00e1sicas ilustraciones de Netter y las tablas sobre ana\u00adtom\u00eda\/biomec\u00e1nica.<\/li>\n<li>Emplea un pr\u00e1ctico formato en tablas que proporciona un acceso r\u00e1-pido a pruebas fiables, diagn\u00f3sticos \u00fatiles, calidad de los estudios, anatom\u00eda y biomec\u00e1nica, y recomendaciones para aplicar la evidencia en la pr\u00e1ctica.<\/li>\n<li>Utiliza un c\u00f3digo de colores que identifica la calidad de los estudios (basado en QUADAS y QAREL) para centrar la atenci\u00f3n en aquellos de m\u00e1xima fiabilidad y ayudar a entender por qu\u00e9 algunos estudios se han incluido y otros se han omitido.<\/li>\n<li>Incluye la versi\u00f3n digital de la obra original (contenido en ingl\u00e9s), con acceso, a trav\u00e9s de distintos dispositivos, al texto, las figuras y la biblio\u00adgraf\u00eda del libro, as\u00ed como a 25 v\u00eddeos que muestran el movimiento en distintas pruebas, ayudando a obtener la informaci\u00f3n cl\u00ednicamente m\u00e1s relevante de la exploraci\u00f3n.<\/li>\n<\/ul>\n<p>Pr\u00e1ctica gu\u00eda altamente ilustrada que cubre los aspectos relevantes de la anatom\u00eda, la patolog\u00eda anat\u00f3mica y las pruebas espec\u00edficas utilizando las famosas ilustraciones del Dr. Frank H. Netter, as\u00ed como fotograf\u00edas cl\u00ednicas.<\/p>\n<p>Proporciona res\u00famenes actualizados de la evidencia disponible para poder evaluar con rapidez la eficacia de las pruebas clinicas, revisar estudios recientes y determinar qu\u00e9 prueba predecir\u00e1 mejor un diagn\u00f3stico espec\u00edfico.<\/p>\n<p>Emplea un pr\u00e1ctico formato en tablas que proporciona\u00a0 un acceso r\u00e1pido a pruebas fiables, diagn\u00f3sitcos \u00fatiles, calidad de los estudios, anatom\u00eda y biomec\u00e1nica, y recomendaciones para aplicar la evidencia y la pr\u00e1ctica.<\/p>\n<p>Utiliza un c\u00f3digo que identifica la calidad de los estudios (basado en QUADAS Y QAREL) para centrar la atenci\u00f3n en aquellos de m\u00e1xida fiabilidad y ayudar a entender por qu\u00e9 algunos estudios se han incluido y otros se han omitido.<\/p>\n<p>Incluye la versi\u00f3n digital de la obra original (contenido en ingl\u00e9s), con acceso, a trav\u00e9s de distintos dispositivos, al texto, las figuras y la bibliograf\u00eda del libro, as\u00ed como a 25 v\u00eddeos que muestran el movimiento en distintas pruebas, ayudando a obtener la informaci\u00f3n cl\u00ednicamente m\u00e1s relevante de la exploraci\u00f3n.<\/p>\n<\/div>\n<\/div>\n","protected":false},"excerpt":{"rendered":"<p>Esta pr\u00e1ctica gu\u00eda cubre los aspectos relevantes de la anatom\u00eda, la patolog\u00eda anat\u00f3mica y las pruebas es\u00adpec\u00edficas, a trav\u00e9s de una revisi\u00f3n minuciosa y altamente ilustrada de la ex\u00adploraci\u00f3n musculoesquel\u00e9tica, Esta cuarta proporciona la informaci\u00f3n necesaria para evaluar la fiabilidad y la utilidad diagn\u00f3stica de las exploraciones f\u00edsicas musculoesquel\u00e9ticas e incorporar la evidencia a la [&hellip;]<\/p>\n","protected":false},"featured_media":8160,"comment_status":"open","ping_status":"closed","template":"","meta":[],"product_brand":[],"product_cat":[67],"product_tag":[],"class_list":{"0":"post-8161","1":"product","2":"type-product","3":"status-publish","4":"has-post-thumbnail","6":"product_cat-ortopedia-spanish","8":"first","9":"instock","10":"sale","11":"downloadable","12":"virtual","13":"purchasable","14":"product-type-simple"},"_links":{"self":[{"href":"https:\/\/orthopedicsbooks.com\/index.php?rest_route=\/wp\/v2\/product\/8161","targetHints":{"allow":["GET"]}}],"collection":[{"href":"https:\/\/orthopedicsbooks.com\/index.php?rest_route=\/wp\/v2\/product"}],"about":[{"href":"https:\/\/orthopedicsbooks.com\/index.php?rest_route=\/wp\/v2\/types\/product"}],"replies":[{"embeddable":true,"href":"https:\/\/orthopedicsbooks.com\/index.php?rest_route=%2Fwp%2Fv2%2Fcomments&post=8161"}],"wp:featuredmedia":[{"embeddable":true,"href":"https:\/\/orthopedicsbooks.com\/index.php?rest_route=\/wp\/v2\/media\/8160"}],"wp:attachment":[{"href":"https:\/\/orthopedicsbooks.com\/index.php?rest_route=%2Fwp%2Fv2%2Fmedia&parent=8161"}],"wp:term":[{"taxonomy":"product_brand","embeddable":true,"href":"https:\/\/orthopedicsbooks.com\/index.php?rest_route=%2Fwp%2Fv2%2Fproduct_brand&post=8161"},{"taxonomy":"product_cat","embeddable":true,"href":"https:\/\/orthopedicsbooks.com\/index.php?rest_route=%2Fwp%2Fv2%2Fproduct_cat&post=8161"},{"taxonomy":"product_tag","embeddable":true,"href":"https:\/\/orthopedicsbooks.com\/index.php?rest_route=%2Fwp%2Fv2%2Fproduct_tag&post=8161"}],"curies":[{"name":"wp","href":"https:\/\/api.w.org\/{rel}","templated":true}]}}