{"id":9519,"date":"2026-05-02T23:12:03","date_gmt":"2026-05-02T23:12:03","guid":{"rendered":"https:\/\/orthopedicsbooks.com\/?post_type=product&#038;p=9519"},"modified":"2026-05-02T23:18:06","modified_gmt":"2026-05-02T23:18:06","slug":"traumatologia-y-ortopedia-generalidades-spanish-edition","status":"publish","type":"product","link":"https:\/\/orthopedicsbooks.com\/?product=traumatologia-y-ortopedia-generalidades-spanish-edition","title":{"rendered":"Traumatolog\u00eda y ortopedia: Generalidades (Spanish Edition)"},"content":{"rendered":"<div>\n<div>La\u00a0Sociedad Espa\u00f1ola de Cirug\u00eda Ortop\u00e9dica y Traumatolog\u00eda (SECOT) promueve la publicaci\u00f3n de un tratado que aborda todo el contenido necesario para la adecuada formaci\u00f3n y actualizaci\u00f3n de los cirujanos ortop\u00e9dicos en sus distintas etapas profesionales.<br \/>\n\u2013 El contenido de\u00a0este\u00a0Tratado SECOT de Traumatolog\u00eda y Ortopedia se presentar\u00e1 en 4 vol\u00famenes independientes. El primero de ellos, Traumatolog\u00eda y ortopedia general, aborda aquellas cuestiones m\u00e1s gen\u00e9ricas de la especialidad, convirti\u00e9ndose as\u00ed en el volumen con el enfoque m\u00e1s transversal. Este primer volumen del tratado comienza desglosando las bases comunes de la patolog\u00eda quir\u00fargica osteoarticular con el objetivo de ayudar a los especialistas a interpretar las claves de la especialidad que posteriormente les permitir\u00e1n avanzar en su pr\u00e1ctica cl\u00ednica obteniendo los mejores diagn\u00f3sticos y los tratamientos m\u00e1s efectivos.<\/div>\n<div>\n<p>\u00a0<\/p>\n<\/div>\n<\/div>\n","protected":false},"excerpt":{"rendered":"<p>La\u00a0Sociedad Espa\u00f1ola de Cirug\u00eda Ortop\u00e9dica y Traumatolog\u00eda (SECOT) promueve la publicaci\u00f3n de un tratado que aborda todo el contenido necesario para la adecuada formaci\u00f3n y actualizaci\u00f3n de los cirujanos ortop\u00e9dicos en sus distintas etapas profesionales. \u2013 El contenido de\u00a0este\u00a0Tratado SECOT de Traumatolog\u00eda y Ortopedia se presentar\u00e1 en 4 vol\u00famenes independientes. El primero de ellos, Traumatolog\u00eda [&hellip;]<\/p>\n","protected":false},"featured_media":9518,"comment_status":"open","ping_status":"closed","template":"","meta":[],"product_brand":[],"product_cat":[67],"product_tag":[],"class_list":{"0":"post-9519","1":"product","2":"type-product","3":"status-publish","4":"has-post-thumbnail","6":"product_cat-ortopedia-spanish","8":"first","9":"instock","10":"sale","11":"downloadable","12":"virtual","13":"purchasable","14":"product-type-simple"},"_links":{"self":[{"href":"https:\/\/orthopedicsbooks.com\/index.php?rest_route=\/wp\/v2\/product\/9519","targetHints":{"allow":["GET"]}}],"collection":[{"href":"https:\/\/orthopedicsbooks.com\/index.php?rest_route=\/wp\/v2\/product"}],"about":[{"href":"https:\/\/orthopedicsbooks.com\/index.php?rest_route=\/wp\/v2\/types\/product"}],"replies":[{"embeddable":true,"href":"https:\/\/orthopedicsbooks.com\/index.php?rest_route=%2Fwp%2Fv2%2Fcomments&post=9519"}],"wp:featuredmedia":[{"embeddable":true,"href":"https:\/\/orthopedicsbooks.com\/index.php?rest_route=\/wp\/v2\/media\/9518"}],"wp:attachment":[{"href":"https:\/\/orthopedicsbooks.com\/index.php?rest_route=%2Fwp%2Fv2%2Fmedia&parent=9519"}],"wp:term":[{"taxonomy":"product_brand","embeddable":true,"href":"https:\/\/orthopedicsbooks.com\/index.php?rest_route=%2Fwp%2Fv2%2Fproduct_brand&post=9519"},{"taxonomy":"product_cat","embeddable":true,"href":"https:\/\/orthopedicsbooks.com\/index.php?rest_route=%2Fwp%2Fv2%2Fproduct_cat&post=9519"},{"taxonomy":"product_tag","embeddable":true,"href":"https:\/\/orthopedicsbooks.com\/index.php?rest_route=%2Fwp%2Fv2%2Fproduct_tag&post=9519"}],"curies":[{"name":"wp","href":"https:\/\/api.w.org\/{rel}","templated":true}]}}